t is the units digit of 63053?
3
What is the millions digit of 3565638?
3
What is the ten thousands digit of 685130?
8
What is the hundreds digit of 4088047?
0
What is the units digit of 5758902?
2
What is the units digit of 8762715?
5
What is the hundreds digit of 12001357?
3
What is the hundreds digit of 18614?
6
What is the thousands digit of 576099?
6
What is the ten thousands digit of 218818?
1
What is the units digit of 276401?
1
What is the units digit of 7055014?
4
What is the ten millions digit of 24530834?
2
What is the units digit of 30742004?
4
What is the ten thousands digit of 974887?
7
What is the thousands digit of 2194394?
4
What is the hundreds digit of 20786?
7
What is the tens digit of 2791582?
8
What is the hundred thousands digit of 3049076?
0
What is the thousands digit of 65986?
5
What is the millions digit of 1450359?
1
What is the thousands digit of 512298?
2
What is the hundred thousands digit of 23256016?
2
What is the hundred thousands digit of 204035?
2
What is the units digit of 811781?
1
What is the tens digit of 879116?
1
What is the hundred thousands digit of 1132661?
1
What is the units digit of 1431172?
2
What is the millions digit of 5089973?
5
What is the hundred thousands digit of 470765?
4
What is the thousands digit of 2702946?
2
What is the ten thousands digit of 1762745?
6
What is the hundreds digit of 185554?
5
What is the units digit of 4034344?
4
What is the thousands digit of 9225097?
5
What is the ten thousands digit of 5919894?
1
What is the tens digit of 1005658?
5
What is the units digit of 733591?
1
What is the tens digit of 562429?
2
What is the thousands digit of 111437?
1
What is the tens digit of 5597871?
7
What is the thousands digit of 974720?
4
What is the tens digit of 3823404?
0
What is the thousands digit of 21568157?
8
What is the hundreds digit of 1649428?
4
What is the tens digit of 624476?
7
What is the hundreds digit of 211015?
0
What is the ten thousands digit of 993431?
9
What is the millions digit of 5504143?
5
What is the hundred thousands digit of 589224?
5
What is the hundred thousands digit of 17066312?
0
What is the units digit of 3679869?
9
What is the ten thousands digit of 6046940?
4
What is the thousands digit of 1686932?
6
What is the ten thousands digit of 71904?
7
What is the thousands digit of 394105?
4
What is the units digit of 254725?
5
What is the units digit of 644494?
4
What is the hundreds digit of 1508816?
8
What is the millions digit of 4388257?
4
What is the tens digit of 1483733?
3
What is the tens digit of 1323225?
2
What is the ten thousands digit of 451327?
5
What is the hundreds digit of 3246757?
7
What is the tens digit of 135937?
3
What is the hundreds digit of 4754339?
3
What is the ten thousands digit of 468453?
6
What is the hundreds digit of 518605?
6
What is the thousands digit of 600459?
0
What is the thousands digit of 310635?
0
What is the units digit of 42705?
5
What is the hundred thousands digit of 1033139?
0
What is the tens digit of 199134?
3
What is the ten thousands digit of 1657523?
5
What is the hundred thousands digit of 2822269?
8
What is the ten thousands digit of 13143366?
4
What is the hundred thousands digit of 828371?
8
What is the tens digit of 925265?
6
What is the hundreds digit of 69892?
8
What is the ten thousands digit of 546127?
4
What is the units digit of 185432?
2
What is the ten thousands digit of 27962765?
6
What is the millions digit of 24926107?
4
What is the tens digit of 24402100?
0
What is the hundred thousands digit of 2328764?
3
What is the units digit of 1308688?
8
What is the hundreds digit of 212214?
2
What is the thousands digit of 2005897?
5
What is the thousands digit of 4964775?
4
What is the hundred thousands digit of 131237?
1
What is the ten thousands digit of 1088509?
8
What is the thousands digit of 421235?
1
What is the hundreds digit of 3783116?
1
What is the hundred thousands digit of 508699?
5
What is the ten thousands digit of 60939?
6
What is the tens digit of 703975?
7
What is the hundred thousands digit of 377242?
3
What is the hundred thousands digit of 1865344?
8
What is the hundred thousands digit of 182292?
1
What is the units digit of 6341568?
8
What is the units digit of 631639?
9
What is the thousands digit of 382357?
2
What is the tens digit of 454724?
2
What is the thousands digit of 31757050?
7
What is the thousands digit of 908019?
8
What is the tens digit of 2921903?
0
What is the thousands digit of 31086550?
6
What is the hundreds digit of 66642?
6
What is the thousands digit of 735744?
5
What is the tens digit of 1641186?
8
What is the hundred thousands digit of 214803?
2
What is the units digit of 476537?
7
What is the ten thousands digit of 7328579?
2
What is the hundred thousands digit of 6822918?
8
What is the tens digit of 4137?
3
What is the units digit of 28313?
3
What is the hundred thousands digit of 298663?
2
What is the hundreds digit of 157379?
3
What is the hundred thousands digit of 191683?
1
What is the hundred thousands digit of 223283?
2
What is the ten thousands digit of 2477320?
7
What is the hundred thousands digit of 391497?
3
What is the hundreds digit of 355417?
4
What is the ten thousands digit of 2165860?
6
What is the tens digit of 121286?
8
What is the thousands digit of 84150?
4
What is the ten thousands digit of 494994?
9
What is the hundred thousands digit of 1468467?
4
What is the hundreds digit of 21371815?
8
What is the tens digit of 164157?
5
What is the tens digit of 107563?
6
What is the ten thousands digit of 17601?
1
What is the units digit of 346389?
9
What is the units digit of 2960?
0
What is the hundreds digit of 278445?
4
What is the hundred thousands digit of 237185?
2
What is the thousands digit of 45099?
5
What is the tens digit of 6963196?
9
What is the thousands digit of 1821293?
1
What is the ten thousands digit of 25041764?
4
What is the hundreds digit of 5563002?
0
What is the units digit of 856493?
3
What is the ten millions digit of 16851086?
1
What is the thousands digit of 1503548?
3
What is the tens digit of 2638233?
3
What is the ten thousands digit of 290232?
9
What is the hundreds digit of 1951942?
9
What is the units digit of 2344825?
5
What is the thousands digit of 5699344?
9
What is the hundreds digit of 3382179?
1
What is the hundred thousands digit of 7504388?
5
What is the units digit of 246802?
2
What is the millions digit of 5579186?
5
What is the hundreds digit of 936423?
4
What is the units digit of 593907?
7
What is the ten thousands digit of 1041128?
4
What is the hundreds digit of 306498?
4
What is the hundreds digit of 901866?
8
What is the ten millions digit of 17644650?
1
What is the hundred thousands digit of 684383?
6
What is the ten thousands digit of 215141?
1
What is the thousands digit of 257811?
7
What is the units digit of 24427724?
4
What is the hundreds digit of 491182?
1
What is the thousands digit of 4101672?
1
What is the ten thousands digit of 76798?
7
What is the units digit of 1060277?
7
What is the ten thousands digit of 851351?
5
What is the tens digit of 88640?
4
What is the millions digit of 8064081?
8
What is the thousands digit of 49302?
9
What is the millions digit of 2000965?
2
What is the units digit of 940581?
1
What is the units digit of 15307726?
6
What is the thousands digit of 3083702?
3
What is the ten thousands digit of 121326?
2
What is the tens digit of 28880?
8
What is the hundreds digit of 304101?
1
What is the thousands digit of 26914064?
4
What is the ten thousands digit of 45364135?
6
What is the tens digit of 25933823?
2
What is the units digit of 74425?
5
What is the hundreds digit of 247835?
8
What is the thousands digit of 6883593?
3
What is the units digit of 552191?
1
What is the units digit of 2555421?
1
What is the ten thousands digit of 1671280?
7
What is the tens digit of 117369?
6
What is the tens digit of 398880?
8
What is the ten thousands digit of 246340?
4
What is the hundred thousands digit of 1602241?
6
What is the hundred thousands digit of 391528?
3
What is the thousands digit of 542897?
2
What is the tens digit of 40375?
7
What is the thousands digit of 235091?
5
What is the hundreds digit of 15501599?
5
What is the thousands digit 